/(-28)). Let t = 19 + j. List the prime factors of t.
2, 3
Let k(z) = z**3 - 3*z**2 - 2*z + 3. Let s be (-2)/(-4)*(5 - -1). Let m be k(s). List the prime factors of 10/15 - 10/m.
2
What are the prime factors of (-4 - -19) + 4 + 0?
19
Let q(i) = -i**2 + 15*i + 8. What are the prime factors of q(11)?
2, 13
List the prime factors of 1/1 + (75 - -7).
83
Let g = 4 + -8. What are the prime factors of 1337/63 - g/(-18)?
3, 7
Let h = -6 + 8. Suppose -44 = -2*v - f, -2*v - h*v + 3*f + 108 = 0. What are the prime factors of v?
2, 3
Let a be 33/(-2)*14/(-21). Suppose -3*w = -4*w + a. What are the prime factors of w?
11
Let f = -2 + 4. Suppose -f*y = -0*y - 6. What are the prime factors of y?
3
Let k(z) = 6*z - 7*z + 0*z + 10. What are the prime factors of k(8)?
2
Let u(n) be the second derivative of n**4/12 + 7*n**3/6 + 2*n**2 + 2*n. What are the prime factors of u(-7)?
2
Let u(i) = -i**2 - 15*i + 2. Let c be u(-10). Suppose -5*x + c = -x. Let l = -7 + x. What are the prime factors of l?
2, 3
Let n = 4 - 2. Let c be ((-8)/6)/(1/6). List the prime factors of (c + n)/3 + 5.
3
Let l(c) = -9*c - 49. What are the prime factors of l(-9)?
2
Let f = 101 - 30. Suppose 3*t - 28 = f. Let p = t + -22. List the prime factors of p.
11
Let t = -55 + 107. List the prime factors of t.
2, 13
Suppose 1 = m - 0*m. Let a(y) = 22*y**2. What are the prime factors of a(m)?
2, 11
Let u(d) = -d**2 - 8*d - 6. Let q be u(-7). List the prime factors of (20/(-2))/(q/(-1)).
2, 5
Let s = -17 - -52. What are the prime factors of s?
5, 7
Let j(a) = a**2 + 5*a + 1. Let y be j(-5). Let n = 14 - y. List the prime factors of n.
13
Let u = 0 + -1. Let k = 3 + u. What are the prime factors of -3 + k + -1 - -14?
2, 3
Suppose -184 = -3*z - 2*y - 69, 5*y + 27 = z. Suppose 6*c - 4*c = -x + z, 5*x + c - 140 = 0. List the prime factors of x.
3
Let g = -3 - -3. Let u = g - -3. Suppose -6*j + 6 = -u*j. What are the prime factors of j?
2
Let f(c) = -6 - 4*c**2 - 10*c - 2*c**2 + 5*c**2. Let z be f(-7). Suppose 1 = -2*x + z. What are the prime factors of x?
7
Suppose 2*o + 2*v = 4*o, -o - 12 = -5*v. Let m(i) = 2*i + 4. What are the prime factors of m(o)?
2, 5
Suppose -102 = -5*w + 173. What are the prime factors of w?
5, 11
Suppose 0*d - 3*d = -21. Suppose -d*x + 133 = -0*x. List the prime factors of x.
19
Suppose 3*l + 295 = 4*p - 0*l, 0 = -2*p - 5*l + 141. What are the prime factors of p?
73
Let l(h) = 5*h**2 + 2*h + 1. Let n be l(2). Suppose 6 = -3*q - 2*c, q + 6 = -5*c + 3*c. Suppose -s + 6*s - n = q. What are the prime factors of s?
5
Let q = -110 + 291. List the prime factors of q.
181
What are the prime factors of 1*-1 - (-86)/6*3?
2, 3, 7
Let x = -9 + 4. List the prime factors of (x/10)/(1/(-14)).
7
Let a = 2 + 3. Suppose -12 = -a*w + w. Suppose 30 = 2*u + w*h - 2*h, -4*h + 22 = u. List the prime factors of u.
2, 7
Let o(t) = 21*t**2 + t. List the prime factors of o(3).
2, 3
Suppose 0 = 2*j - 15 + 3. Let n(f) = -2*f + 5. Let c be n(5). List the prime factors of c/j*-3*2.
5
Suppose -k + 12 = 3*k. Suppose k*a = 5*a + 2. What are the prime factors of 1 - (a - -3 - 12)?
11
Let z(f) = 2*f**2 - 19*f + 47. List the prime factors of z(17).
2, 151
Let u = -22 - -40. Suppose 2*w + u = 3*k, 4*k = -w - w + 10. What are the prime factors of k?
2
Let s = 74 + 91. What are the prime factors of s?
3, 5, 11
Let v be 4/(-6)*(-6)/1. Suppose -v*n + 12 = -2*n. What are the prime factors of n?
2, 3
Suppose -3*w = -w. Suppose 19 = x - w*x. List the prime factors of x.
19
Let h(k) = k**3 - 3*k**2 - 3*k - 4. Let y be h(4). Suppose -r - 4 + 24 = y. Suppose r = 4*p - 12. List the prime factors of p.
2
Let n = 5 - -3. Let f = n - 6. What are the prime factors of 1/((4/18)/f)?
3
Let y(f) = -f**3 - 8*f**2 + 3*f + 8. What are the prime factors of y(-9)?
2, 31
Let n = 389 - 167. What are the prime factors of n/8 + 2/8?
2, 7
Let x = 11 + -7. Let o(l) = l**3 - l**2 - l - 4. Let i be o(x). Suppose z + 4*t = -4*z + i, 5*z - 4*t - 80 = 0. What are the prime factors of z?
2, 3
Suppose 2*u = 7*u - 115. What are the prime factors of u?
23
Let k = -19 - -40. What are the prime factors of k?
3, 7
Let x = -258 + 447. List the prime factors of x.
3, 7
Let r = 442 - 258. What are the prime factors of r?
2, 23
Suppose 0*n - n + 2*y + 11 = 0, -3*n + 8 = -y. Suppose -3*d - 2*u + 10 = -n, 2*u + 3 = -d. List the prime factors of d.
7
Let n(a) = 2*a - 5. Let l be (1 - 1) + (5 - 10). Let v = l + 9. What are the prime factors of n(v)?
3
Let b = 634 - 431. List the prime factors of b.
7, 29
Let g(h) = -h**3 + h**2 - 3*h + 22. What are the prime factors of g(0)?
2, 11
Let j be 3*((-4)/(-6) - 0). Let l = j - 0. List the prime factors of l.
2
Let u = -9 + 6. Let h be ((-1)/(-1))/(u/15). Let n(z) = -z**2 - 6*z. List the prime factors of n(h).
5
Let j(q) = q**2 - 11*q + 6. Let i be j(8). Let z be (i + -2)*6/(-15). Let p = z - -3. What are the prime factors of p?
11
Suppose -2*y + 2*x = 0, 5*y - x - 12 = -2*x. Suppose f = -y*f. Suppose f = -5*r - 4 + 24, 63 = 5*p + 2*r. List the prime factors of p.
11
Let l(q) = -q**3 + 33*q**2 + q + 7. What are the prime factors of l(33)?
2, 5
Let y(i) = -20*i + 2. Let x be y(-7). List the prime factors of 8/(-56) - x/(-14).
2, 5
List the prime factors of -3*((-53)/3 + -3).
2, 31
What are the prime factors of 436/18 - (-8)/(-36)?
2, 3
Let o(i) = i**3 - 5*i**2 - 7*i + 4. Let p be o(6). List the prime factors of (-49 + (1 - p))*-1.
2, 23
Suppose -2*l + 5*l = 60. What are the prime factors of l?
2, 5
Suppose 5*q = 4*z + 28, 0*q = -2*q - z + 6. Suppose 3*m - m = i - 38, 0 = q*i - 4*m - 164. What are the prime factors of i?
2, 11
Let o = -35 + 44. What are the prime factors of o?
3
Let n be ((-4)/(-8))/(1/176). Suppose 3*o - 2*j + 6*j = n, j - 141 = -5*o. What are the prime factors of o?
2, 7
Let k = 10 - 4. Suppose 0 = 5*t - 4*t - k. What are the prime factors of t?
2, 3
Let g(c) = c**3 - 2*c**2 - 5*c - 2. Let t(o) = o**2 - 2*o + 1. Suppose -3*k + 5*k + 3*s = 0, k - 5*s = 13. Let l be t(k). What are the prime factors of g(l)?
2, 5
Let t(v) = 3*v**2 + 4*v + 9. List the prime factors of t(-4).
41
Suppose -3*z = 2*z - 25. Let m(i) = -i + 9. Let h be m(z). Suppose -5*t = -p + 2*p, -5*t = h*p - 30. What are the prime factors of p?
2, 5
Suppose -320 - 2540 = -13*g. What are the prime factors of g?
2, 5, 11
Let q(b) = -b**3 + 2*b**2 + 2*b + 1. Let j be q(3). Let w be ((-70)/j - 1) + -1. Suppose -5*t - w = -2*y, 57 = 5*y - t - 3*t. List the prime factors of y.
3
Let p(g) = -7*g - 15. Let i be p(-13). Suppose -i = -w - 3*w. What are the prime factors of w?
19
Let m = 31 + -13. Suppose m = -4*f + 62. List the prime factors of f.
11
Let j = 28 - 7. What are the prime factors of j?
3, 7
Suppose 5*l - 30 = -5*o, -2*l + 2*o + 14 = -2. Let b = -3 + l. List the prime factors of b.
2
Suppose -6*z = -3*z - 2*j - 102, -135 = -4*z + 3*j. Suppose z + 69 = 5*u. List the prime factors of u.
3, 7
Let r = -64 - -97. List the prime factors of r.
3, 11
Let q be -6*(-3 + (-15)/(-6)). Suppose -q*p + 2*v + 14 = 0, -6*p + 4*v = -2*p - 24. List the prime factors of (-34)/(-7) + p/14.
5
Let h = -39 - -225. List the prime factors of h.
2, 3, 31
Suppose 2*j - 7*j + 40 = 0. Let m = j - 0. Suppose m*n - 55 = 3*n. What are the prime factors of n?
11
Let w = 4 + -2. Suppose -2*h + 2*b = -6, 3*h - w*h + b - 5 = 0. Let c = h + 7. What are the prime factors of c?
11
Suppose 0*i = -5*i. Suppose 0 = 2*z + 3*t - 5 - i, 3*t + 3 = 0. List the prime factors of z.
2
What are the prime factors of 3/(3522/18282 + (-2)/11)?
277
Suppose 5 = 2*i - 1. Suppose -i*r - 2*o = -90, 0 = 3*o - 7*o. What are the prime factors of r?
2, 3, 5
Let q = 52 - 31. What are the prime factors of q?
3, 7
Let h = -41 - -84. List the prime factors of h.
43
Suppose x + 5 = -4*x. What are the prime factors of x/((-3)/33) - 1?
2, 5
Let q(k) = -k**2 + 7*k + 2. Let g be 5 + -2*1/2. What are the prime factors of q(g)?
2, 7
Let a(v) = v**2 - 16*v + 14. Let k be a(17). Let o = k + -25. What are the prime factors of o?
2, 3
Let x be (-222)/9*3/(-2). Suppose 0*p - 2*p - 5*c = -x, 5*c = -3*p + 48. List the prime factors of p.
11
Let p(b) = 3*b**2. Let q be p(-1). Let f = 9 + 17. What are the prime factors of (f/q)/((-2)/(-3))?
13
List the prime factors of (1/(-3))/((-2)/(-54)*-1).
3
Let o be 6/4*44/6. Let